hen 430 is divided by 8?
6
What is the remainder when 1168 is divided by 23?
18
What is the remainder when 112 is divided by 72?
40
What is the remainder when 2766 is divided by 71?
68
What is the remainder when 122 is divided by 68?
54
What is the remainder when 83 is divided by 14?
13
What is the remainder when 965 is divided by 88?
85
What is the remainder when 27 is divided by 15?
12
What is the remainder when 8199 is divided by 200?
199
Calculate the remainder when 101 is divided by 84.
17
What is the remainder when 1385 is divided by 42?
41
What is the remainder when 426 is divided by 48?
42
What is the remainder when 99 is divided by 17?
14
What is the remainder when 3354 is divided by 210?
204
Calculate the remainder when 866 is divided by 30.
26
What is the remainder when 340 is divided by 49?
46
Calculate the remainder when 113 is divided by 39.
35
Calculate the remainder when 208 is divided by 43.
36
What is the remainder when 561 is divided by 56?
1
What is the remainder when 27 is divided by 5?
2
Calculate the remainder when 549 is divided by 20.
9
What is the remainder when 1727 is divided by 158?
147
Calculate the remainder when 698 is divided by 683.
15
What is the remainder when 2137 is divided by 706?
19
What is the remainder when 92 is divided by 24?
20
What is the remainder when 896 is divided by 60?
56
What is the remainder when 41 is divided by 30?
11
What is the remainder when 222 is divided by 97?
28
Calculate the remainder when 256 is divided by 65.
61
Calculate the remainder when 271 is divided by 25.
21
What is the remainder when 5130 is divided by 17?
13
Calculate the remainder when 3498 is divided by 125.
123
Calculate the remainder when 730 is divided by 25.
5
Calculate the remainder when 646 is divided by 151.
42
What is the remainder when 437 is divided by 44?
41
Calculate the remainder when 1448 is divided by 13.
5
Calculate the remainder when 232 is divided by 34.
28
What is the remainder when 214 is divided by 63?
25
What is the remainder when 1847 is divided by 116?
107
What is the remainder when 233 is divided by 59?
56
What is the remainder when 508 is divided by 431?
77
Calculate the remainder when 63 is divided by 33.
30
Calculate the remainder when 287 is divided by 49.
42
What is the remainder when 46551 is divided by 11?
10
Calculate the remainder when 496 is divided by 161.
13
What is the remainder when 321 is divided by 174?
147
What is the remainder when 717 is divided by 30?
27
What is the remainder when 18879 is divided by 20?
19
What is the remainder when 769 is divided by 211?
136
What is the remainder when 431 is divided by 35?
11
Calculate the remainder when 5399 is divided by 216.
215
What is the remainder when 106 is divided by 94?
12
Calculate the remainder when 397 is divided by 397.
0
What is the remainder when 7580 is divided by 3789?
2
Calculate the remainder when 5917 is divided by 30.
7
Calculate the remainder when 3838 is divided by 31.
25
Calculate the remainder when 103 is divided by 54.
49
What is the remainder when 3945 is divided by 3938?
7
Calculate the remainder when 28295 is divided by 18.
17
Calculate the remainder when 1274 is divided by 58.
56
Calculate the remainder when 627 is divided by 126.
123
What is the remainder when 96 is divided by 34?
28
Calculate the remainder when 480 is divided by 83.
65
Calculate the remainder when 312 is divided by 3.
0
Calculate the remainder when 3148 is divided by 54.
16
What is the remainder when 745 is divided by 285?
175
What is the remainder when 1055 is divided by 172?
23
Calculate the remainder when 563 is divided by 3.
2
Calculate the remainder when 60 is divided by 17.
9
Calculate the remainder when 77 is divided by 40.
37
What is the remainder when 252 is divided by 23?
22
What is the remainder when 90 is divided by 52?
38
What is the remainder when 1318 is divided by 24?
22
Calculate the remainder when 1291 is divided by 148.
107
Calculate the remainder when 284 is divided by 29.
23
What is the remainder when 947 is divided by 38?
35
What is the remainder when 5212 is divided by 867?
10
Calculate the remainder when 3087 is divided by 103.
100
What is the remainder when 15834 is divided by 180?
174
What is the remainder when 586 is divided by 120?
106
Calculate the remainder when 109 is divided by 52.
5
What is the remainder when 142 is divided by 23?
4
Calculate the remainder when 516 is divided by 10.
6
What is the remainder when 360 is divided by 73?
68
What is the remainder when 2995 is divided by 28?
27
What is the remainder when 141 is divided by 30?
21
What is the remainder when 122 is divided by 45?
32
What is the remainder when 750 is divided by 745?
5
Calculate the remainder when 10619 is divided by 118.
117
What is the remainder when 6000 is divided by 87?
84
Calculate the remainder when 193 is divided by 69.
55
What is the remainder when 117 is divided by 12?
9
What is the remainder when 2072 is divided by 17?
15
Calculate the remainder when 2360 is divided by 8.
0
Calculate the remainder when 68 is divided by 9.
5
What is the remainder when 14163 is divided by 37?
29
Calculate the remainder when 735 is divided by 123.
120
What is the remainder when 1001 is divided by 867?
134
What is the remainder when 12719 is divided by 265?
264
Calculate the remainder when 7656 is divided by 7646.
10
What is the remainder when 3995 is divided by 174?
167
Calculate the remainder when 292 is divided by 80.
52
Calculate the remainder when 1019 is divided by 146.
143
What is the remainder when 54 is divided by 19?
16
Calculate the remainder when 2256 is divided by 9.
6
Calculate the remainder when 2942 is divided by 1455.
32
Calculate the remainder when 8167 is divided by 86.
83
Calculate the remainder when 111 is divided by 28.
27
Calculate the remainder when 4313 is divided by 166.
163
Calculate the remainder when 398 is divided by 7.
6
Calculate the remainder when 293 is divided by 152.
141
What is the remainder when 13830 is divided by 91?
89
Calculate the remainder when 509 is divided by 167.
8
What is the remainder when 42 is divided by 34?
8
What is the remainder when 774 is divided by 71?
64
Calculate the remainder when 1278 is divided by 320.
318
Calculate the remainder when 283 is divided by 43.
25
What is the remainder when 559 is divided by 35?
34
What is the remainder when 380 is divided by 82?
52
Calculate the remainder when 5276 is divided by 66.
62
Calculate the remainder when 136 is divided by 89.
47
Calculate the remainder when 727 is divided by 41.
30
Calculate the remainder when 28 is divided by 8.
4
What is the remainder when 218 is divided by 56?
50
What is the remainder when 1188 is divided by 14?
12
What is the remainder when 25 is divided by 17?
8
What is the remainder when 522 is divided by 116?
58
What is the remainder when 8 is divided by 1?
0
What is the remainder when 213 is divided by 6?
3
Calculate the remainder when 108 is divided by 33.
9
What is the remainder when 260 is divided by 54?
44
What is the remainder when 488 is divided by 30?
8
Calculate the remainder when 1889 is divided by 7.
6
What is the remainder when 497 is divided by 64?
49
Calculate the remainder when 147 is divided by 51.
45
What is the remainder when 1918 is divided by 19?
18
Calculate the remainder when 48 is divided by 12.
0
What is the remainder when 769 is divided by 9?
4
Calculate the remainder when 7735 is divided by 36.
31
What is the remainder when 717 is divided by 90?
87
Calculate the remainder when 17 is divided by 4.
1
What is the remainder when 1598 is divided by 41?
40
What is the remainder when 330 is divided by 30?
0
What is the remainder when 1112 is divided by 13?
7
Calculate the remainder when 65 is divided by 34.
31
What is the remainder when 475 is divided by 17?
16
Calculate the remainder when 246 is divided by 31.
29
Calculate the remainder when 73 is divided by 36.
1
Calculate the remainder when 1546 is divided by 193.
2
What is the remainder when 118 is divided by 116?
2
Calculate the remainder when 874 is divided by 223.
205
Calculate the remainder when 115 is divided by 40.
35
What is the remainder when 298 is divided by 30?
28
What is the remainder when 38 is divided by 20?
18
Calculate the rema